{"id":159,"date":"2023-02-26T22:10:13","date_gmt":"2023-02-26T22:10:13","guid":{"rendered":"https:\/\/tmys.cl\/sitio\/?page_id=159"},"modified":"2023-02-27T01:37:54","modified_gmt":"2023-02-27T01:37:54","slug":"transporte","status":"publish","type":"page","link":"https:\/\/tmys.cl\/sitio\/transporte\/","title":{"rendered":"Transporte"},"content":{"rendered":"\t\t<div data-elementor-type=\"wp-page\" data-elementor-id=\"159\" class=\"elementor elementor-159\">\n\t\t\t\t\t\t\t\t\t<section class=\"elementor-section elementor-top-section elementor-element elementor-element-fcceee7 elementor-reverse-tablet elementor-reverse-mobile elementor-section-stretched elementor-section-boxed elementor-section-height-default elementor-section-height-default\" data-id=\"fcceee7\" data-element_type=\"section\" data-settings=\"{&quot;animation&quot;:&quot;none&quot;,&quot;stretch_section&quot;:&quot;section-stretched&quot;}\">\n\t\t\t\t\t\t<div class=\"elementor-container elementor-column-gap-default\">\n\t\t\t\t\t<div class=\"elementor-column elementor-col-50 elementor-top-column elementor-element elementor-element-217f671\" data-id=\"217f671\" data-element_type=\"column\">\n\t\t\t<div class=\"elementor-widget-wrap elementor-element-populated\">\n\t\t\t\t\t\t\t\t<div class=\"elementor-element elementor-element-bdb2766 elementor-widget elementor-widget-heading\" data-id=\"bdb2766\" data-element_type=\"widget\" data-widget_type=\"heading.default\">\n\t\t\t\t<div class=\"elementor-widget-container\">\n\t\t\t<style>\/*! elementor - v3.11.2 - 22-02-2023 *\/\n.elementor-heading-title{padding:0;margin:0;line-height:1}.elementor-widget-heading .elementor-heading-title[class*=elementor-size-]>a{color:inherit;font-size:inherit;line-height:inherit}.elementor-widget-heading .elementor-heading-title.elementor-size-small{font-size:15px}.elementor-widget-heading .elementor-heading-title.elementor-size-medium{font-size:19px}.elementor-widget-heading .elementor-heading-title.elementor-size-large{font-size:29px}.elementor-widget-heading .elementor-heading-title.elementor-size-xl{font-size:39px}.elementor-widget-heading .elementor-heading-title.elementor-size-xxl{font-size:59px}<\/style><h2 class=\"elementor-heading-title elementor-size-default\">RETIRO DESDE ADUANA<\/h2>\t\t<\/div>\n\t\t\t\t<\/div>\n\t\t\t\t\t<\/div>\n\t\t<\/div>\n\t\t\t\t<div class=\"elementor-column elementor-col-50 elementor-top-column elementor-element elementor-element-a1e2575\" data-id=\"a1e2575\" data-element_type=\"column\">\n\t\t\t<div class=\"elementor-widget-wrap elementor-element-populated\">\n\t\t\t\t\t\t\t\t<div class=\"elementor-element elementor-element-9ca7fc1 elementor-widget elementor-widget-heading\" data-id=\"9ca7fc1\" data-element_type=\"widget\" data-widget_type=\"heading.default\">\n\t\t\t\t<div class=\"elementor-widget-container\">\n\t\t\t<h2 class=\"elementor-heading-title elementor-size-default\">DISTRIBUCION PUNTO A PUNTO<\/h2>\t\t<\/div>\n\t\t\t\t<\/div>\n\t\t\t\t\t<\/div>\n\t\t<\/div>\n\t\t\t\t\t\t\t<\/div>\n\t\t<\/section>\n\t\t\t\t<section class=\"elementor-section elementor-top-section elementor-element elementor-element-2573ce4 elementor-section-stretched elementor-section-boxed elementor-section-height-default elementor-section-height-default\" data-id=\"2573ce4\" data-element_type=\"section\" data-settings=\"{&quot;stretch_section&quot;:&quot;section-stretched&quot;}\">\n\t\t\t\t\t\t<div class=\"elementor-container elementor-column-gap-default\">\n\t\t\t\t\t<div class=\"elementor-column elementor-col-50 elementor-top-column elementor-element elementor-element-28c7df5\" data-id=\"28c7df5\" data-element_type=\"column\">\n\t\t\t<div class=\"elementor-widget-wrap elementor-element-populated\">\n\t\t\t\t\t\t\t\t<div class=\"elementor-element elementor-element-3313a10 elementor-widget elementor-widget-image\" data-id=\"3313a10\" data-element_type=\"widget\" data-widget_type=\"image.default\">\n\t\t\t\t<div class=\"elementor-widget-container\">\n\t\t\t<style>\/*! elementor - v3.11.2 - 22-02-2023 *\/\n.elementor-widget-image{text-align:center}.elementor-widget-image a{display:inline-block}.elementor-widget-image a img[src$=\".svg\"]{width:48px}.elementor-widget-image img{vertical-align:middle;display:inline-block}<\/style>\t\t\t\t\t\t\t\t\t\t\t\t<img loading=\"lazy\" decoding=\"async\" width=\"640\" height=\"479\" src=\"https:\/\/tmys.cl\/sitio\/wp-content\/uploads\/2023\/02\/TPSNUEVAGRUA.jpeg\" class=\"attachment-large size-large wp-image-243\" alt=\"\" srcset=\"https:\/\/tmys.cl\/sitio\/wp-content\/uploads\/2023\/02\/TPSNUEVAGRUA.jpeg 798w, https:\/\/tmys.cl\/sitio\/wp-content\/uploads\/2023\/02\/TPSNUEVAGRUA-300x224.jpeg 300w, https:\/\/tmys.cl\/sitio\/wp-content\/uploads\/2023\/02\/TPSNUEVAGRUA-768x575.jpeg 768w\" sizes=\"auto, (max-width: 640px) 100vw, 640px\" \/>\t\t\t\t\t\t\t\t\t\t\t\t\t\t\t<\/div>\n\t\t\t\t<\/div>\n\t\t\t\t<div class=\"elementor-element elementor-element-5170d71 elementor-widget elementor-widget-text-editor\" data-id=\"5170d71\" data-element_type=\"widget\" data-widget_type=\"text-editor.default\">\n\t\t\t\t<div class=\"elementor-widget-container\">\n\t\t\t<style>\/*! elementor - v3.11.2 - 22-02-2023 *\/\n.elementor-widget-text-editor.elementor-drop-cap-view-stacked .elementor-drop-cap{background-color:#818a91;color:#fff}.elementor-widget-text-editor.elementor-drop-cap-view-framed .elementor-drop-cap{color:#818a91;border:3px solid;background-color:transparent}.elementor-widget-text-editor:not(.elementor-drop-cap-view-default) .elementor-drop-cap{margin-top:8px}.elementor-widget-text-editor:not(.elementor-drop-cap-view-default) .elementor-drop-cap-letter{width:1em;height:1em}.elementor-widget-text-editor .elementor-drop-cap{float:left;text-align:center;line-height:1;font-size:50px}.elementor-widget-text-editor .elementor-drop-cap-letter{display:inline-block}<\/style>\t\t\t\t<h5 style=\"text-align: center;\"><strong>Retiramos tus importaciones desde las aduanas de San Antonio, Valpara\u00edso y Santiago. Tanto Contenedores como carga suelta.<\/strong><\/h5>\t\t\t\t\t\t<\/div>\n\t\t\t\t<\/div>\n\t\t\t\t\t<\/div>\n\t\t<\/div>\n\t\t\t\t<div class=\"elementor-column elementor-col-50 elementor-top-column elementor-element elementor-element-550f043\" data-id=\"550f043\" data-element_type=\"column\">\n\t\t\t<div class=\"elementor-widget-wrap elementor-element-populated\">\n\t\t\t\t\t\t\t\t<div class=\"elementor-element elementor-element-9a51bd6 elementor-widget elementor-widget-image\" data-id=\"9a51bd6\" data-element_type=\"widget\" data-widget_type=\"image.default\">\n\t\t\t\t<div class=\"elementor-widget-container\">\n\t\t\t\t\t\t\t\t\t\t\t\t\t\t\t<img loading=\"lazy\" decoding=\"async\" width=\"640\" height=\"480\" src=\"https:\/\/tmys.cl\/sitio\/wp-content\/uploads\/2023\/02\/logistica-de-distribucion.jpeg\" class=\"attachment-large size-large wp-image-249\" alt=\"\" srcset=\"https:\/\/tmys.cl\/sitio\/wp-content\/uploads\/2023\/02\/logistica-de-distribucion.jpeg 1024w, https:\/\/tmys.cl\/sitio\/wp-content\/uploads\/2023\/02\/logistica-de-distribucion-300x225.jpeg 300w, https:\/\/tmys.cl\/sitio\/wp-content\/uploads\/2023\/02\/logistica-de-distribucion-768x576.jpeg 768w\" sizes=\"auto, (max-width: 640px) 100vw, 640px\" \/>\t\t\t\t\t\t\t\t\t\t\t\t\t\t\t<\/div>\n\t\t\t\t<\/div>\n\t\t\t\t<div class=\"elementor-element elementor-element-aa83c7f elementor-widget elementor-widget-text-editor\" data-id=\"aa83c7f\" data-element_type=\"widget\" data-widget_type=\"text-editor.default\">\n\t\t\t\t<div class=\"elementor-widget-container\">\n\t\t\t\t\t\t\t<h5 style=\"text-align: center;\"><strong>Entregamos tus productos en la <span style=\"font-size: 13.28px;\">Regi\u00f3n<\/span> Metropolitana, quinta y sexta region.\u00a0\u00a0<\/strong><\/h5>\t\t\t\t\t\t<\/div>\n\t\t\t\t<\/div>\n\t\t\t\t\t<\/div>\n\t\t<\/div>\n\t\t\t\t\t\t\t<\/div>\n\t\t<\/section>\n\t\t\t\t<section class=\"elementor-section elementor-top-section elementor-element elementor-element-2b0ec57 elementor-section-stretched elementor-section-boxed elementor-section-height-default elementor-section-height-default\" data-id=\"2b0ec57\" data-element_type=\"section\" data-settings=\"{&quot;stretch_section&quot;:&quot;section-stretched&quot;}\">\n\t\t\t\t\t\t<div class=\"elementor-container elementor-column-gap-default\">\n\t\t\t\t\t<div class=\"elementor-column elementor-col-100 elementor-top-column elementor-element elementor-element-24a3b4f\" data-id=\"24a3b4f\" data-element_type=\"column\">\n\t\t\t<div class=\"elementor-widget-wrap elementor-element-populated\">\n\t\t\t\t\t\t\t\t<div class=\"elementor-element elementor-element-f535b88 elementor-widget elementor-widget-heading\" data-id=\"f535b88\" data-element_type=\"widget\" data-widget_type=\"heading.default\">\n\t\t\t\t<div class=\"elementor-widget-container\">\n\t\t\t<h2 class=\"elementor-heading-title elementor-size-default\">LOGISTICA INVERSA<\/h2>\t\t<\/div>\n\t\t\t\t<\/div>\n\t\t\t\t<div class=\"elementor-element elementor-element-d13a6ad elementor-widget elementor-widget-image\" data-id=\"d13a6ad\" data-element_type=\"widget\" data-widget_type=\"image.default\">\n\t\t\t\t<div class=\"elementor-widget-container\">\n\t\t\t\t\t\t\t\t\t\t\t\t\t\t\t<img loading=\"lazy\" decoding=\"async\" width=\"640\" height=\"373\" src=\"https:\/\/tmys.cl\/sitio\/wp-content\/uploads\/2023\/02\/logistica-inversa-1024x597.jpeg\" class=\"attachment-large size-large wp-image-256\" alt=\"\" srcset=\"https:\/\/tmys.cl\/sitio\/wp-content\/uploads\/2023\/02\/logistica-inversa-1024x597.jpeg 1024w, https:\/\/tmys.cl\/sitio\/wp-content\/uploads\/2023\/02\/logistica-inversa-300x175.jpeg 300w, https:\/\/tmys.cl\/sitio\/wp-content\/uploads\/2023\/02\/logistica-inversa-768x448.jpeg 768w, https:\/\/tmys.cl\/sitio\/wp-content\/uploads\/2023\/02\/logistica-inversa-1536x896.jpeg 1536w, https:\/\/tmys.cl\/sitio\/wp-content\/uploads\/2023\/02\/logistica-inversa-2048x1195.jpeg 2048w\" sizes=\"auto, (max-width: 640px) 100vw, 640px\" \/>\t\t\t\t\t\t\t\t\t\t\t\t\t\t\t<\/div>\n\t\t\t\t<\/div>\n\t\t\t\t<div class=\"elementor-element elementor-element-0ff59d1 elementor-widget elementor-widget-text-editor\" data-id=\"0ff59d1\" data-element_type=\"widget\" data-widget_type=\"text-editor.default\">\n\t\t\t\t<div class=\"elementor-widget-container\">\n\t\t\t\t\t\t\t<h5><strong>Nos encargamos en el retiro y evaluaci\u00f3n de devoluciones de tus clientes, aplicando tus pol\u00edticas de devoluci\u00f3n.<\/strong><\/h5>\t\t\t\t\t\t<\/div>\n\t\t\t\t<\/div>\n\t\t\t\t<div class=\"elementor-element elementor-element-e6b4db6 elementor-align-center elementor-widget elementor-widget-button\" data-id=\"e6b4db6\" data-element_type=\"widget\" data-widget_type=\"button.default\">\n\t\t\t\t<div class=\"elementor-widget-container\">\n\t\t\t\t\t<div class=\"elementor-button-wrapper\">\n\t\t\t<a href=\"mailto:clientes@serpromin.cl\" class=\"elementor-button-link elementor-button elementor-size-sm\" role=\"button\">\n\t\t\t\t\t\t<span class=\"elementor-button-content-wrapper\">\n\t\t\t\t\t\t<span class=\"elementor-button-text\">CONTACTANOS<\/span>\n\t\t<\/span>\n\t\t\t\t\t<\/a>\n\t\t<\/div>\n\t\t\t\t<\/div>\n\t\t\t\t<\/div>\n\t\t\t\t\t<\/div>\n\t\t<\/div>\n\t\t\t\t\t\t\t<\/div>\n\t\t<\/section>\n\t\t\t\t\t\t\t<\/div>\n\t\t","protected":false},"excerpt":{"rendered":"<p>RETIRO DESDE ADUANA DISTRIBUCION PUNTO A PUNTO Retiramos tus importaciones desde las aduanas de San Antonio, Valpara\u00edso y Santiago. Tanto Contenedores como carga suelta. Entregamos tus productos en la Regi\u00f3n Metropolitana, quinta y sexta region.\u00a0\u00a0 LOGISTICA INVERSA Nos encargamos en el retiro y evaluaci\u00f3n de devoluciones de tus clientes, aplicando tus pol\u00edticas de devoluci\u00f3n. CONTACTANOS<\/p>\n","protected":false},"author":1,"featured_media":0,"parent":0,"menu_order":0,"comment_status":"closed","ping_status":"closed","template":"","meta":{"footnotes":""},"class_list":["post-159","page","type-page","status-publish","hentry"],"yoast_head":"<!-- This site is optimized with the Yoast SEO plugin v20.1 - https:\/\/yoast.com\/wordpress\/plugins\/seo\/ -->\n<title>Transporte - Transporte y Logistica M &amp; S Spa.<\/title>\n<meta name=\"robots\" content=\"index, follow, max-snippet:-1, max-image-preview:large, max-video-preview:-1\" \/>\n<link rel=\"canonical\" href=\"https:\/\/tmys.cl\/sitio\/transporte\/\" \/>\n<meta property=\"og:locale\" content=\"es_ES\" \/>\n<meta property=\"og:type\" content=\"article\" \/>\n<meta property=\"og:title\" content=\"Transporte - Transporte y Logistica M &amp; S Spa.\" \/>\n<meta property=\"og:description\" content=\"RETIRO DESDE ADUANA DISTRIBUCION PUNTO A PUNTO Retiramos tus importaciones desde las aduanas de San Antonio, Valpara\u00edso y Santiago. Tanto Contenedores como carga suelta. Entregamos tus productos en la Regi\u00f3n Metropolitana, quinta y sexta region.\u00a0\u00a0 LOGISTICA INVERSA Nos encargamos en el retiro y evaluaci\u00f3n de devoluciones de tus clientes, aplicando tus pol\u00edticas de devoluci\u00f3n. CONTACTANOS\" \/>\n<meta property=\"og:url\" content=\"https:\/\/tmys.cl\/sitio\/transporte\/\" \/>\n<meta property=\"og:site_name\" content=\"Transporte y Logistica M &amp; S Spa.\" \/>\n<meta property=\"article:modified_time\" content=\"2023-02-27T01:37:54+00:00\" \/>\n<meta property=\"og:image\" content=\"https:\/\/tmys.cl\/sitio\/wp-content\/uploads\/2023\/02\/TPSNUEVAGRUA.jpeg\" \/>\n<meta name=\"twitter:card\" content=\"summary_large_image\" \/>\n<script type=\"application\/ld+json\" class=\"yoast-schema-graph\">{\"@context\":\"https:\/\/schema.org\",\"@graph\":[{\"@type\":\"WebPage\",\"@id\":\"https:\/\/tmys.cl\/sitio\/transporte\/\",\"url\":\"https:\/\/tmys.cl\/sitio\/transporte\/\",\"name\":\"Transporte - Transporte y Logistica M &amp; S Spa.\",\"isPartOf\":{\"@id\":\"https:\/\/tmys.cl\/sitio\/#website\"},\"datePublished\":\"2023-02-26T22:10:13+00:00\",\"dateModified\":\"2023-02-27T01:37:54+00:00\",\"breadcrumb\":{\"@id\":\"https:\/\/tmys.cl\/sitio\/transporte\/#breadcrumb\"},\"inLanguage\":\"es\",\"potentialAction\":[{\"@type\":\"ReadAction\",\"target\":[\"https:\/\/tmys.cl\/sitio\/transporte\/\"]}]},{\"@type\":\"BreadcrumbList\",\"@id\":\"https:\/\/tmys.cl\/sitio\/transporte\/#breadcrumb\",\"itemListElement\":[{\"@type\":\"ListItem\",\"position\":1,\"name\":\"Portada\",\"item\":\"https:\/\/tmys.cl\/sitio\/\"},{\"@type\":\"ListItem\",\"position\":2,\"name\":\"Transporte\"}]},{\"@type\":\"WebSite\",\"@id\":\"https:\/\/tmys.cl\/sitio\/#website\",\"url\":\"https:\/\/tmys.cl\/sitio\/\",\"name\":\"Tmys\",\"description\":\"Transporte, Logistica y distribucion.\",\"publisher\":{\"@id\":\"https:\/\/tmys.cl\/sitio\/#organization\"},\"potentialAction\":[{\"@type\":\"SearchAction\",\"target\":{\"@type\":\"EntryPoint\",\"urlTemplate\":\"https:\/\/tmys.cl\/sitio\/?s={search_term_string}\"},\"query-input\":\"required name=search_term_string\"}],\"inLanguage\":\"es\"},{\"@type\":\"Organization\",\"@id\":\"https:\/\/tmys.cl\/sitio\/#organization\",\"name\":\"Tmys\",\"url\":\"https:\/\/tmys.cl\/sitio\/\",\"logo\":{\"@type\":\"ImageObject\",\"inLanguage\":\"es\",\"@id\":\"https:\/\/tmys.cl\/sitio\/#\/schema\/logo\/image\/\",\"url\":\"https:\/\/tmys.cl\/sitio\/wp-content\/uploads\/2023\/02\/logo-tmys-e1677205805572.png\",\"contentUrl\":\"https:\/\/tmys.cl\/sitio\/wp-content\/uploads\/2023\/02\/logo-tmys-e1677205805572.png\",\"width\":200,\"height\":70,\"caption\":\"Tmys\"},\"image\":{\"@id\":\"https:\/\/tmys.cl\/sitio\/#\/schema\/logo\/image\/\"}}]}<\/script>\n<!-- \/ Yoast SEO plugin. -->","yoast_head_json":{"title":"Transporte - Transporte y Logistica M &amp; S Spa.","robots":{"index":"index","follow":"follow","max-snippet":"max-snippet:-1","max-image-preview":"max-image-preview:large","max-video-preview":"max-video-preview:-1"},"canonical":"https:\/\/tmys.cl\/sitio\/transporte\/","og_locale":"es_ES","og_type":"article","og_title":"Transporte - Transporte y Logistica M &amp; S Spa.","og_description":"RETIRO DESDE ADUANA DISTRIBUCION PUNTO A PUNTO Retiramos tus importaciones desde las aduanas de San Antonio, Valpara\u00edso y Santiago. Tanto Contenedores como carga suelta. Entregamos tus productos en la Regi\u00f3n Metropolitana, quinta y sexta region.\u00a0\u00a0 LOGISTICA INVERSA Nos encargamos en el retiro y evaluaci\u00f3n de devoluciones de tus clientes, aplicando tus pol\u00edticas de devoluci\u00f3n. CONTACTANOS","og_url":"https:\/\/tmys.cl\/sitio\/transporte\/","og_site_name":"Transporte y Logistica M &amp; S Spa.","article_modified_time":"2023-02-27T01:37:54+00:00","og_image":[{"url":"https:\/\/tmys.cl\/sitio\/wp-content\/uploads\/2023\/02\/TPSNUEVAGRUA.jpeg"}],"twitter_card":"summary_large_image","schema":{"@context":"https:\/\/schema.org","@graph":[{"@type":"WebPage","@id":"https:\/\/tmys.cl\/sitio\/transporte\/","url":"https:\/\/tmys.cl\/sitio\/transporte\/","name":"Transporte - Transporte y Logistica M &amp; S Spa.","isPartOf":{"@id":"https:\/\/tmys.cl\/sitio\/#website"},"datePublished":"2023-02-26T22:10:13+00:00","dateModified":"2023-02-27T01:37:54+00:00","breadcrumb":{"@id":"https:\/\/tmys.cl\/sitio\/transporte\/#breadcrumb"},"inLanguage":"es","potentialAction":[{"@type":"ReadAction","target":["https:\/\/tmys.cl\/sitio\/transporte\/"]}]},{"@type":"BreadcrumbList","@id":"https:\/\/tmys.cl\/sitio\/transporte\/#breadcrumb","itemListElement":[{"@type":"ListItem","position":1,"name":"Portada","item":"https:\/\/tmys.cl\/sitio\/"},{"@type":"ListItem","position":2,"name":"Transporte"}]},{"@type":"WebSite","@id":"https:\/\/tmys.cl\/sitio\/#website","url":"https:\/\/tmys.cl\/sitio\/","name":"Tmys","description":"Transporte, Logistica y distribucion.","publisher":{"@id":"https:\/\/tmys.cl\/sitio\/#organization"},"potentialAction":[{"@type":"SearchAction","target":{"@type":"EntryPoint","urlTemplate":"https:\/\/tmys.cl\/sitio\/?s={search_term_string}"},"query-input":"required name=search_term_string"}],"inLanguage":"es"},{"@type":"Organization","@id":"https:\/\/tmys.cl\/sitio\/#organization","name":"Tmys","url":"https:\/\/tmys.cl\/sitio\/","logo":{"@type":"ImageObject","inLanguage":"es","@id":"https:\/\/tmys.cl\/sitio\/#\/schema\/logo\/image\/","url":"https:\/\/tmys.cl\/sitio\/wp-content\/uploads\/2023\/02\/logo-tmys-e1677205805572.png","contentUrl":"https:\/\/tmys.cl\/sitio\/wp-content\/uploads\/2023\/02\/logo-tmys-e1677205805572.png","width":200,"height":70,"caption":"Tmys"},"image":{"@id":"https:\/\/tmys.cl\/sitio\/#\/schema\/logo\/image\/"}}]}},"_links":{"self":[{"href":"https:\/\/tmys.cl\/sitio\/wp-json\/wp\/v2\/pages\/159","targetHints":{"allow":["GET"]}}],"collection":[{"href":"https:\/\/tmys.cl\/sitio\/wp-json\/wp\/v2\/pages"}],"about":[{"href":"https:\/\/tmys.cl\/sitio\/wp-json\/wp\/v2\/types\/page"}],"author":[{"embeddable":true,"href":"https:\/\/tmys.cl\/sitio\/wp-json\/wp\/v2\/users\/1"}],"replies":[{"embeddable":true,"href":"https:\/\/tmys.cl\/sitio\/wp-json\/wp\/v2\/comments?post=159"}],"version-history":[{"count":31,"href":"https:\/\/tmys.cl\/sitio\/wp-json\/wp\/v2\/pages\/159\/revisions"}],"predecessor-version":[{"id":327,"href":"https:\/\/tmys.cl\/sitio\/wp-json\/wp\/v2\/pages\/159\/revisions\/327"}],"wp:attachment":[{"href":"https:\/\/tmys.cl\/sitio\/wp-json\/wp\/v2\/media?parent=159"}],"curies":[{"name":"wp","href":"https:\/\/api.w.org\/{rel}","templated":true}]}}